{"id":1887,"date":"2022-09-23T14:50:19","date_gmt":"2022-09-23T12:50:19","guid":{"rendered":"https:\/\/vcwolfurt.at\/?page_id=1887"},"modified":"2023-08-16T20:14:52","modified_gmt":"2023-08-16T18:14:52","slug":"mathias-metzler","status":"publish","type":"page","link":"https:\/\/vcwolfurt.at\/index.php\/mathias-metzler\/","title":{"rendered":"Mathias Metzler"},"content":{"rendered":"<div class=\"row\" style=\"background-color: #d8d9da;\">\n<div class=\"col-sm-2 col-xs-5 col-sm-offset-0\" style=\"padding: 0;\">\n<p><img loading=\"lazy\" decoding=\"async\" class=\"alignnone wp-image-2113 size-full\" src=\"https:\/\/vcwolfurt.at\/wp-content\/uploads\/2023\/08\/2.png\" alt=\"\" width=\"819\" height=\"1000\" srcset=\"https:\/\/vcwolfurt.at\/wp-content\/uploads\/2023\/08\/2.png 819w, https:\/\/vcwolfurt.at\/wp-content\/uploads\/2023\/08\/2-246x300.png 246w, https:\/\/vcwolfurt.at\/wp-content\/uploads\/2023\/08\/2-768x938.png 768w\" sizes=\"auto, (max-width: 819px) 100vw, 819px\" \/><\/p>\n<\/div>\n<div class=\"col-sm-9 col-xs-7 col-sm-offset-0\" style=\"background-color: #d8d9da; padding: 0;\">\n<div class=\"col-xs-12\" style=\"padding: 0.8em; padding-left: 2em;\">\n<h1>Nr. 2<\/h1>\n<\/div>\n<div class=\"col-xs-12\" style=\"padding: 0.8em; padding-left: 2em;\">\n<h2>Metzler Mathias<\/h2>\n<p>&nbsp;<\/p>\n<h3>Diagonal<\/h3>\n<\/div>\n<\/div>\n<\/div>\n<p>&nbsp;<\/p>\n<div class=\"row player-type\">\n<table class=\"player-list\">\n<tbody>\n<tr>\n<td>Geburtsdatum<\/td>\n<td>04.02.1997<\/td>\n<\/tr>\n<tr>\n<td>Wohnort<\/td>\n<td>Dornbirn<\/td>\n<\/tr>\n<tr>\n<td>Beruf<\/td>\n<td>Physiotherapeut<\/td>\n<\/tr>\n<tr>\n<td>Funktion im Verein<\/td>\n<td>Spieler<\/td>\n<\/tr>\n<tr>\n<td>Lieblingsessen<\/td>\n<td>K\u00e4ssp\u00e4tzle<\/td>\n<\/tr>\n<tr>\n<td>Lieblingsgetr\u00e4nk<\/td>\n<td>Quellwasser<\/td>\n<\/tr>\n<tr>\n<td>Beschreibt sich selbst als<\/td>\n<td>Teamplayer<\/td>\n<\/tr>\n<tr>\n<td>Gr\u00f6\u00dfe<\/td>\n<td>193cm<\/td>\n<\/tr>\n<tr>\n<td>Position<\/td>\n<td>Diagonal<\/td>\n<\/tr>\n<tr>\n<td>Spielt Volleyball seit<\/td>\n<td>2009<\/td>\n<\/tr>\n<tr>\n<td>Ist bei Wolfurt seit<\/td>\n<td>2011<\/td>\n<\/tr>\n<\/tbody>\n<\/table>\n<\/div>\n","protected":false},"excerpt":{"rendered":"<p>Nr. 2 Metzler Mathias &nbsp; Diagonal &nbsp; Geburtsdatum 04.02.1997 Wohnort Dornbirn Beruf Physiotherapeut Funktion im Verein Spieler Lieblingsessen K\u00e4ssp\u00e4tzle Lieblingsgetr\u00e4nk Quellwasser Beschreibt sich selbst als Teamplayer Gr\u00f6\u00dfe 193cm Position Diagonal Spielt Volleyball seit 2009 Ist bei Wolfurt seit 2011<\/p>\n","protected":false},"author":4,"featured_media":0,"parent":0,"menu_order":0,"comment_status":"closed","ping_status":"closed","template":"","meta":{"footnotes":""},"class_list":["post-1887","page","type-page","status-publish","hentry"],"_links":{"self":[{"href":"https:\/\/vcwolfurt.at\/index.php\/wp-json\/wp\/v2\/pages\/1887","targetHints":{"allow":["GET"]}}],"collection":[{"href":"https:\/\/vcwolfurt.at\/index.php\/wp-json\/wp\/v2\/pages"}],"about":[{"href":"https:\/\/vcwolfurt.at\/index.php\/wp-json\/wp\/v2\/types\/page"}],"author":[{"embeddable":true,"href":"https:\/\/vcwolfurt.at\/index.php\/wp-json\/wp\/v2\/users\/4"}],"replies":[{"embeddable":true,"href":"https:\/\/vcwolfurt.at\/index.php\/wp-json\/wp\/v2\/comments?post=1887"}],"version-history":[{"count":2,"href":"https:\/\/vcwolfurt.at\/index.php\/wp-json\/wp\/v2\/pages\/1887\/revisions"}],"predecessor-version":[{"id":2148,"href":"https:\/\/vcwolfurt.at\/index.php\/wp-json\/wp\/v2\/pages\/1887\/revisions\/2148"}],"wp:attachment":[{"href":"https:\/\/vcwolfurt.at\/index.php\/wp-json\/wp\/v2\/media?parent=1887"}],"curies":[{"name":"wp","href":"https:\/\/api.w.org\/{rel}","templated":true}]}}

<div class="row" style="background-color: #d8d9da;">
<div class="col-sm-2 col-xs-5 col-sm-offset-0" style="padding: 0;">
<p><img loading="lazy" decoding="async" class="alignnone wp-image-2113 size-full" src="https://vcwolfurt.at/wp-content/uploads/2023/08/2.png" alt="" width="819" height="1000" srcset="https://vcwolfurt.at/wp-content/uploads/2023/08/2.png 819w, https://vcwolfurt.at/wp-content/uploads/2023/08/2-246x300.png 246w, https://vcwolfurt.at/wp-content/uploads/2023/08/2-768x938.png 768w" sizes="auto, (max-width: 819px) 100vw, 819px" /></p>
</div>
<div class="col-sm-9 col-xs-7 col-sm-offset-0" style="background-color: #d8d9da; padding: 0;">
<div class="col-xs-12" style="padding: 0.8em; padding-left: 2em;">
<h1>Nr. 2</h1>
</div>
<div class="col-xs-12" style="padding: 0.8em; padding-left: 2em;">
<h2>Metzler Mathias</h2>
<p>&nbsp;</p>
<h3>Diagonal</h3>
</div>
</div>
</div>
<p>&nbsp;</p>
<div class="row player-type">
<table class="player-list">
<tbody>
<tr>
<td>Geburtsdatum</td>
<td>04.02.1997</td>
</tr>
<tr>
<td>Wohnort</td>
<td>Dornbirn</td>
</tr>
<tr>
<td>Beruf</td>
<td>Physiotherapeut</td>
</tr>
<tr>
<td>Funktion im Verein</td>
<td>Spieler</td>
</tr>
<tr>
<td>Lieblingsessen</td>
<td>Kässpätzle</td>
</tr>
<tr>
<td>Lieblingsgetränk</td>
<td>Quellwasser</td>
</tr>
<tr>
<td>Beschreibt sich selbst als</td>
<td>Teamplayer</td>
</tr>
<tr>
<td>Größe</td>
<td>193cm</td>
</tr>
<tr>
<td>Position</td>
<td>Diagonal</td>
</tr>
<tr>
<td>Spielt Volleyball seit</td>
<td>2009</td>
</tr>
<tr>
<td>Ist bei Wolfurt seit</td>
<td>2011</td>
</tr>
</tbody>
</table>
</div>

<p>Nr. 2 Metzler Mathias &nbsp; Diagonal &nbsp; Geburtsdatum 04.02.1997 Wohnort Dornbirn Beruf Physiotherapeut Funktion im Verein Spieler Lieblingsessen Kässpätzle Lieblingsgetränk Quellwasser Beschreibt sich selbst als Teamplayer Größe 193cm Position Diagonal Spielt Volleyball seit 2009 Ist bei Wolfurt seit 2011</p>
