{"id":2296,"date":"2023-12-09T16:49:36","date_gmt":"2023-12-09T15:49:36","guid":{"rendered":"https:\/\/vcwolfurt.at\/?page_id=2296"},"modified":"2023-12-09T16:49:43","modified_gmt":"2023-12-09T15:49:43","slug":"2296-2","status":"publish","type":"page","link":"https:\/\/vcwolfurt.at\/index.php\/2296-2\/","title":{"rendered":"Leonhard Klammer"},"content":{"rendered":"<div class=\"row\" style=\"background-color: #d8d9da;\">\n<div class=\"col-sm-2 col-xs-5 col-sm-offset-0\" style=\"padding: 0;\">\n<p><img loading=\"lazy\" decoding=\"async\" class=\"alignnone wp-image-2141 \" src=\"https:\/\/vcwolfurt.at\/wp-content\/uploads\/2023\/08\/DSCF0240.png\" alt=\"\" width=\"792\" height=\"988\" srcset=\"https:\/\/vcwolfurt.at\/wp-content\/uploads\/2023\/08\/DSCF0240.png 1728w, https:\/\/vcwolfurt.at\/wp-content\/uploads\/2023\/08\/DSCF0240-241x300.png 241w, https:\/\/vcwolfurt.at\/wp-content\/uploads\/2023\/08\/DSCF0240-821x1024.png 821w, https:\/\/vcwolfurt.at\/wp-content\/uploads\/2023\/08\/DSCF0240-768x958.png 768w, https:\/\/vcwolfurt.at\/wp-content\/uploads\/2023\/08\/DSCF0240-1232x1536.png 1232w, https:\/\/vcwolfurt.at\/wp-content\/uploads\/2023\/08\/DSCF0240-1642x2048.png 1642w\" sizes=\"auto, (max-width: 792px) 100vw, 792px\" \/><\/p>\n<\/div>\n<div class=\"col-sm-9 col-xs-7 col-sm-offset-0\" style=\"background-color: #d8d9da; padding: 0;\">\n<div class=\"col-xs-12\" style=\"padding: 0.8em; padding-left: 2em;\">\n<h1>Nr. 15<\/h1>\n<\/div>\n<div class=\"col-xs-12\" style=\"padding: 0.8em; padding-left: 2em;\">\n<h2>Klammer Leonhard<\/h2>\n<p>&nbsp;<\/p>\n<h3>Au\u00dfenangreifer<\/h3>\n<\/div>\n<\/div>\n<\/div>\n<p>&nbsp;<\/p>\n<div class=\"row player-type\">\n<table class=\"player-list\">\n<tbody>\n<tr>\n<td>Geburtsdatum<\/td>\n<td>31.05.2006<\/td>\n<\/tr>\n<tr>\n<td>Wohnort<\/td>\n<td>G\u00f6tzis<\/td>\n<\/tr>\n<tr>\n<td>Beruf<\/td>\n<td>Sch\u00fcler<\/td>\n<\/tr>\n<tr>\n<td>Funktion im Verein<\/td>\n<td>Spieler<\/td>\n<\/tr>\n<tr>\n<td>Lieblingsessen<\/td>\n<td>Mozzarella mit Tomaten und Aceton Balsamico<\/td>\n<\/tr>\n<tr>\n<td>Lieblingsgetr\u00e4nk<\/td>\n<td><\/td>\n<\/tr>\n<tr>\n<td>Beschreibt sich selbst als<\/td>\n<td>The Turtle (weil langsam)<\/td>\n<\/tr>\n<tr>\n<td>Gr\u00f6\u00dfe<\/td>\n<td>191cm<\/td>\n<\/tr>\n<tr>\n<td>Position<\/td>\n<td>Au\u00dfenangreifer<\/td>\n<\/tr>\n<tr>\n<td>Spielt Volleyball seit<\/td>\n<td>2013<\/td>\n<\/tr>\n<tr>\n<td>Ist bei Wolfurt seit<\/td>\n<td>2022<\/td>\n<\/tr>\n<\/tbody>\n<\/table>\n<\/div>\n","protected":false},"excerpt":{"rendered":"<p>Nr. 15 Klammer Leonhard &nbsp; Au\u00dfenangreifer &nbsp; Geburtsdatum 31.05.2006 Wohnort G\u00f6tzis Beruf Sch\u00fcler Funktion im Verein Spieler Lieblingsessen Mozzarella mit Tomaten und Aceton Balsamico Lieblingsgetr\u00e4nk Beschreibt sich selbst als The Turtle (weil langsam) Gr\u00f6\u00dfe 191cm Position Au\u00dfenangreifer Spielt Volleyball seit 2013 Ist bei Wolfurt seit 2022<\/p>\n","protected":false},"author":4,"featured_media":0,"parent":0,"menu_order":0,"comment_status":"closed","ping_status":"closed","template":"","meta":{"footnotes":""},"class_list":["post-2296","page","type-page","status-publish","hentry"],"_links":{"self":[{"href":"https:\/\/vcwolfurt.at\/index.php\/wp-json\/wp\/v2\/pages\/2296","targetHints":{"allow":["GET"]}}],"collection":[{"href":"https:\/\/vcwolfurt.at\/index.php\/wp-json\/wp\/v2\/pages"}],"about":[{"href":"https:\/\/vcwolfurt.at\/index.php\/wp-json\/wp\/v2\/types\/page"}],"author":[{"embeddable":true,"href":"https:\/\/vcwolfurt.at\/index.php\/wp-json\/wp\/v2\/users\/4"}],"replies":[{"embeddable":true,"href":"https:\/\/vcwolfurt.at\/index.php\/wp-json\/wp\/v2\/comments?post=2296"}],"version-history":[{"count":2,"href":"https:\/\/vcwolfurt.at\/index.php\/wp-json\/wp\/v2\/pages\/2296\/revisions"}],"predecessor-version":[{"id":2298,"href":"https:\/\/vcwolfurt.at\/index.php\/wp-json\/wp\/v2\/pages\/2296\/revisions\/2298"}],"wp:attachment":[{"href":"https:\/\/vcwolfurt.at\/index.php\/wp-json\/wp\/v2\/media?parent=2296"}],"curies":[{"name":"wp","href":"https:\/\/api.w.org\/{rel}","templated":true}]}}

<div class="row" style="background-color: #d8d9da;">
<div class="col-sm-2 col-xs-5 col-sm-offset-0" style="padding: 0;">
<p><img loading="lazy" decoding="async" class="alignnone wp-image-2141 " src="https://vcwolfurt.at/wp-content/uploads/2023/08/DSCF0240.png" alt="" width="792" height="988" srcset="https://vcwolfurt.at/wp-content/uploads/2023/08/DSCF0240.png 1728w, https://vcwolfurt.at/wp-content/uploads/2023/08/DSCF0240-241x300.png 241w, https://vcwolfurt.at/wp-content/uploads/2023/08/DSCF0240-821x1024.png 821w, https://vcwolfurt.at/wp-content/uploads/2023/08/DSCF0240-768x958.png 768w, https://vcwolfurt.at/wp-content/uploads/2023/08/DSCF0240-1232x1536.png 1232w, https://vcwolfurt.at/wp-content/uploads/2023/08/DSCF0240-1642x2048.png 1642w" sizes="auto, (max-width: 792px) 100vw, 792px" /></p>
</div>
<div class="col-sm-9 col-xs-7 col-sm-offset-0" style="background-color: #d8d9da; padding: 0;">
<div class="col-xs-12" style="padding: 0.8em; padding-left: 2em;">
<h1>Nr. 15</h1>
</div>
<div class="col-xs-12" style="padding: 0.8em; padding-left: 2em;">
<h2>Klammer Leonhard</h2>
<p>&nbsp;</p>
<h3>Außenangreifer</h3>
</div>
</div>
</div>
<p>&nbsp;</p>
<div class="row player-type">
<table class="player-list">
<tbody>
<tr>
<td>Geburtsdatum</td>
<td>31.05.2006</td>
</tr>
<tr>
<td>Wohnort</td>
<td>Götzis</td>
</tr>
<tr>
<td>Beruf</td>
<td>Schüler</td>
</tr>
<tr>
<td>Funktion im Verein</td>
<td>Spieler</td>
</tr>
<tr>
<td>Lieblingsessen</td>
<td>Mozzarella mit Tomaten und Aceton Balsamico</td>
</tr>
<tr>
<td>Lieblingsgetränk</td>
<td></td>
</tr>
<tr>
<td>Beschreibt sich selbst als</td>
<td>The Turtle (weil langsam)</td>
</tr>
<tr>
<td>Größe</td>
<td>191cm</td>
</tr>
<tr>
<td>Position</td>
<td>Außenangreifer</td>
</tr>
<tr>
<td>Spielt Volleyball seit</td>
<td>2013</td>
</tr>
<tr>
<td>Ist bei Wolfurt seit</td>
<td>2022</td>
</tr>
</tbody>
</table>
</div>

<p>Nr. 15 Klammer Leonhard &nbsp; Außenangreifer &nbsp; Geburtsdatum 31.05.2006 Wohnort Götzis Beruf Schüler Funktion im Verein Spieler Lieblingsessen Mozzarella mit Tomaten und Aceton Balsamico Lieblingsgetränk Beschreibt sich selbst als The Turtle (weil langsam) Größe 191cm Position Außenangreifer Spielt Volleyball seit 2013 Ist bei Wolfurt seit 2022</p>
