{"id":2304,"date":"2023-12-14T06:47:23","date_gmt":"2023-12-14T05:47:23","guid":{"rendered":"https:\/\/vcwolfurt.at\/?page_id=2304"},"modified":"2023-12-14T06:47:30","modified_gmt":"2023-12-14T05:47:30","slug":"tobias-wohlgenannt","status":"publish","type":"page","link":"https:\/\/vcwolfurt.at\/index.php\/tobias-wohlgenannt\/","title":{"rendered":"Tobias Wohlgenannt"},"content":{"rendered":"<div class=\"row\" style=\"background-color: #d8d9da;\">\n<div class=\"col-sm-2 col-xs-5 col-sm-offset-0\" style=\"padding: 0;\">\n<p><img loading=\"lazy\" decoding=\"async\" class=\"alignnone wp-image-2123 size-full\" src=\"https:\/\/vcwolfurt.at\/wp-content\/uploads\/2023\/08\/18.png\" alt=\"\" width=\"743\" height=\"1000\" srcset=\"https:\/\/vcwolfurt.at\/wp-content\/uploads\/2023\/08\/18.png 743w, https:\/\/vcwolfurt.at\/wp-content\/uploads\/2023\/08\/18-223x300.png 223w\" sizes=\"auto, (max-width: 743px) 100vw, 743px\" \/><\/p>\n<\/div>\n<div class=\"col-sm-9 col-xs-7 col-sm-offset-0\" style=\"background-color: #d8d9da; padding: 0;\">\n<div class=\"col-xs-12\" style=\"padding: 0.8em; padding-left: 2em;\">\n<h1>Nr. 18<\/h1>\n<\/div>\n<div class=\"col-xs-12\" style=\"padding: 0.8em; padding-left: 2em;\">\n<h2>Wohlgenannt Tobias<\/h2>\n<p>&nbsp;<\/p>\n<h3>Zuspiel<\/h3>\n<\/div>\n<\/div>\n<\/div>\n<p>&nbsp;<\/p>\n<div class=\"row player-type\">\n<table class=\"player-list\">\n<tbody>\n<tr>\n<td>Geburtsdatum<\/td>\n<td>23.12.2006<\/td>\n<\/tr>\n<tr>\n<td>Wohnort<\/td>\n<td>Dornbirn<\/td>\n<\/tr>\n<tr>\n<td>Beruf<\/td>\n<td>Sch\u00fcler<\/td>\n<\/tr>\n<tr>\n<td>Funktion im Verein<\/td>\n<td>Spieler<\/td>\n<\/tr>\n<tr>\n<td>Lieblingsessen<\/td>\n<td>Nudeln mit Pesto<\/td>\n<\/tr>\n<tr>\n<td>Lieblingsgetr\u00e4nk<\/td>\n<td>Pfanner Eistee<\/td>\n<\/tr>\n<tr>\n<td>Beschreibt sich selbst als<\/td>\n<td>zuverl\u00e4ssig, engagiert<\/td>\n<\/tr>\n<tr>\n<td>Gr\u00f6\u00dfe<\/td>\n<td>182<\/td>\n<\/tr>\n<tr>\n<td>Position<\/td>\n<td>Zuspiel<\/td>\n<\/tr>\n<tr>\n<td>Spielt Volleyball seit<\/td>\n<td>2014<\/td>\n<\/tr>\n<tr>\n<td>Ist bei Wolfurt seit<\/td>\n<td>2023<\/td>\n<\/tr>\n<\/tbody>\n<\/table>\n<\/div>\n","protected":false},"excerpt":{"rendered":"<p>Nr. 18 Wohlgenannt Tobias &nbsp; Zuspiel &nbsp; Geburtsdatum 23.12.2006 Wohnort Dornbirn Beruf Sch\u00fcler Funktion im Verein Spieler Lieblingsessen Nudeln mit Pesto Lieblingsgetr\u00e4nk Pfanner Eistee Beschreibt sich selbst als zuverl\u00e4ssig, engagiert Gr\u00f6\u00dfe 182 Position Zuspiel Spielt Volleyball seit 2014 Ist bei Wolfurt seit 2023<\/p>\n","protected":false},"author":4,"featured_media":0,"parent":0,"menu_order":0,"comment_status":"closed","ping_status":"closed","template":"","meta":{"footnotes":""},"class_list":["post-2304","page","type-page","status-publish","hentry"],"_links":{"self":[{"href":"https:\/\/vcwolfurt.at\/index.php\/wp-json\/wp\/v2\/pages\/2304","targetHints":{"allow":["GET"]}}],"collection":[{"href":"https:\/\/vcwolfurt.at\/index.php\/wp-json\/wp\/v2\/pages"}],"about":[{"href":"https:\/\/vcwolfurt.at\/index.php\/wp-json\/wp\/v2\/types\/page"}],"author":[{"embeddable":true,"href":"https:\/\/vcwolfurt.at\/index.php\/wp-json\/wp\/v2\/users\/4"}],"replies":[{"embeddable":true,"href":"https:\/\/vcwolfurt.at\/index.php\/wp-json\/wp\/v2\/comments?post=2304"}],"version-history":[{"count":1,"href":"https:\/\/vcwolfurt.at\/index.php\/wp-json\/wp\/v2\/pages\/2304\/revisions"}],"predecessor-version":[{"id":2305,"href":"https:\/\/vcwolfurt.at\/index.php\/wp-json\/wp\/v2\/pages\/2304\/revisions\/2305"}],"wp:attachment":[{"href":"https:\/\/vcwolfurt.at\/index.php\/wp-json\/wp\/v2\/media?parent=2304"}],"curies":[{"name":"wp","href":"https:\/\/api.w.org\/{rel}","templated":true}]}}

<div class="row" style="background-color: #d8d9da;">
<div class="col-sm-2 col-xs-5 col-sm-offset-0" style="padding: 0;">
<p><img loading="lazy" decoding="async" class="alignnone wp-image-2123 size-full" src="https://vcwolfurt.at/wp-content/uploads/2023/08/18.png" alt="" width="743" height="1000" srcset="https://vcwolfurt.at/wp-content/uploads/2023/08/18.png 743w, https://vcwolfurt.at/wp-content/uploads/2023/08/18-223x300.png 223w" sizes="auto, (max-width: 743px) 100vw, 743px" /></p>
</div>
<div class="col-sm-9 col-xs-7 col-sm-offset-0" style="background-color: #d8d9da; padding: 0;">
<div class="col-xs-12" style="padding: 0.8em; padding-left: 2em;">
<h1>Nr. 18</h1>
</div>
<div class="col-xs-12" style="padding: 0.8em; padding-left: 2em;">
<h2>Wohlgenannt Tobias</h2>
<p>&nbsp;</p>
<h3>Zuspiel</h3>
</div>
</div>
</div>
<p>&nbsp;</p>
<div class="row player-type">
<table class="player-list">
<tbody>
<tr>
<td>Geburtsdatum</td>
<td>23.12.2006</td>
</tr>
<tr>
<td>Wohnort</td>
<td>Dornbirn</td>
</tr>
<tr>
<td>Beruf</td>
<td>Schüler</td>
</tr>
<tr>
<td>Funktion im Verein</td>
<td>Spieler</td>
</tr>
<tr>
<td>Lieblingsessen</td>
<td>Nudeln mit Pesto</td>
</tr>
<tr>
<td>Lieblingsgetränk</td>
<td>Pfanner Eistee</td>
</tr>
<tr>
<td>Beschreibt sich selbst als</td>
<td>zuverlässig, engagiert</td>
</tr>
<tr>
<td>Größe</td>
<td>182</td>
</tr>
<tr>
<td>Position</td>
<td>Zuspiel</td>
</tr>
<tr>
<td>Spielt Volleyball seit</td>
<td>2014</td>
</tr>
<tr>
<td>Ist bei Wolfurt seit</td>
<td>2023</td>
</tr>
</tbody>
</table>
</div>

<p>Nr. 18 Wohlgenannt Tobias &nbsp; Zuspiel &nbsp; Geburtsdatum 23.12.2006 Wohnort Dornbirn Beruf Schüler Funktion im Verein Spieler Lieblingsessen Nudeln mit Pesto Lieblingsgetränk Pfanner Eistee Beschreibt sich selbst als zuverlässig, engagiert Größe 182 Position Zuspiel Spielt Volleyball seit 2014 Ist bei Wolfurt seit 2023</p>
