{"id":2349,"date":"2023-12-16T09:06:11","date_gmt":"2023-12-16T08:06:11","guid":{"rendered":"https:\/\/vcwolfurt.at\/?page_id=2349"},"modified":"2023-12-16T09:06:17","modified_gmt":"2023-12-16T08:06:17","slug":"sandro-memeti","status":"publish","type":"page","link":"https:\/\/vcwolfurt.at\/index.php\/sandro-memeti\/","title":{"rendered":"Sandro Memeti"},"content":{"rendered":"<div class=\"row\" style=\"background-color: #d8d9da;\">\n<div class=\"col-sm-2 col-xs-5 col-sm-offset-0\" style=\"padding: 0;\">\n<p><img loading=\"lazy\" decoding=\"async\" class=\"alignnone wp-image-2311 size-full\" src=\"https:\/\/vcwolfurt.at\/wp-content\/uploads\/2023\/12\/DSCF0480.png\" alt=\"\" width=\"1000\" height=\"1454\" srcset=\"https:\/\/vcwolfurt.at\/wp-content\/uploads\/2023\/12\/DSCF0480.png 1000w, https:\/\/vcwolfurt.at\/wp-content\/uploads\/2023\/12\/DSCF0480-206x300.png 206w, https:\/\/vcwolfurt.at\/wp-content\/uploads\/2023\/12\/DSCF0480-704x1024.png 704w, https:\/\/vcwolfurt.at\/wp-content\/uploads\/2023\/12\/DSCF0480-768x1117.png 768w\" sizes=\"auto, (max-width: 1000px) 100vw, 1000px\" \/><\/p>\n<\/div>\n<div class=\"col-sm-9 col-xs-7 col-sm-offset-0\" style=\"background-color: #d8d9da; padding: 0;\">\n<div class=\"col-xs-12\" style=\"padding: 0.8em; padding-left: 2em;\">\n<h1>Nr. 12<\/h1>\n<\/div>\n<div class=\"col-xs-12\" style=\"padding: 0.8em; padding-left: 2em;\">\n<h2>Memeti Sandro<\/h2>\n<p>&nbsp;<\/p>\n<h3>Mittelblocker<\/h3>\n<\/div>\n<\/div>\n<\/div>\n<p>&nbsp;<\/p>\n<div class=\"row player-type\">\n<table class=\"player-list\" style=\"width: 80.2202%; height: 264px;\">\n<tbody>\n<tr style=\"height: 24px;\">\n<td style=\"height: 24px; width: 54.7703%;\">Geburtsdatum<\/td>\n<td style=\"height: 24px; width: 136.072%;\">11.04.2006<\/td>\n<\/tr>\n<tr style=\"height: 24px;\">\n<td style=\"height: 24px; width: 54.7703%;\">Wohnort<\/td>\n<td style=\"height: 24px; width: 136.072%;\">Lauterach<\/td>\n<\/tr>\n<tr style=\"height: 24px;\">\n<td style=\"height: 24px; width: 54.7703%;\">Beruf<\/td>\n<td style=\"height: 24px; width: 136.072%;\">Sch\u00fcler<\/td>\n<\/tr>\n<tr style=\"height: 24px;\">\n<td style=\"height: 24px; width: 54.7703%;\">Funktion im Verein<\/td>\n<td style=\"height: 24px; width: 136.072%;\">Spieler Herren 2; Ansprechperson f\u00fcr Schiri,- Schreiber- und\u00a0 Thekendienste<\/td>\n<\/tr>\n<tr style=\"height: 24px;\">\n<td style=\"height: 24px; width: 54.7703%;\">Lieblingsessen<\/td>\n<td style=\"height: 24px; width: 136.072%;\">Pizza Diavolo<\/td>\n<\/tr>\n<tr style=\"height: 24px;\">\n<td style=\"height: 24px; width: 54.7703%;\">Lieblingsgetr\u00e4nk<\/td>\n<td style=\"height: 24px; width: 136.072%;\">Cedevita oder Eistee Zitrone<\/td>\n<\/tr>\n<tr style=\"height: 24px;\">\n<td style=\"height: 24px; width: 54.7703%;\">Beschreibt sich selbst als<\/td>\n<td style=\"height: 24px; width: 136.072%;\"><\/td>\n<\/tr>\n<tr style=\"height: 24px;\">\n<td style=\"height: 24px; width: 54.7703%;\">Gr\u00f6\u00dfe<\/td>\n<td style=\"height: 24px; width: 136.072%;\">193cm<\/td>\n<\/tr>\n<tr style=\"height: 24px;\">\n<td style=\"height: 24px; width: 54.7703%;\">Position<\/td>\n<td style=\"height: 24px; width: 136.072%;\">Mittelblocker<\/td>\n<\/tr>\n<tr style=\"height: 24px;\">\n<td style=\"height: 24px; width: 54.7703%;\">Spielt Volleyball seit<\/td>\n<td style=\"height: 24px; width: 136.072%;\">2019<\/td>\n<\/tr>\n<tr style=\"height: 24px;\">\n<td style=\"height: 24px; width: 54.7703%;\">Ist bei Wolfurt seit<\/td>\n<td style=\"height: 24px; width: 136.072%;\">2019<\/td>\n<\/tr>\n<\/tbody>\n<\/table>\n<\/div>\n","protected":false},"excerpt":{"rendered":"<p>Nr. 12 Memeti Sandro &nbsp; Mittelblocker &nbsp; Geburtsdatum 11.04.2006 Wohnort Lauterach Beruf Sch\u00fcler Funktion im Verein Spieler Herren 2; Ansprechperson f\u00fcr Schiri,- Schreiber- und\u00a0 Thekendienste Lieblingsessen Pizza Diavolo Lieblingsgetr\u00e4nk Cedevita oder Eistee Zitrone Beschreibt sich selbst als Gr\u00f6\u00dfe 193cm Position Mittelblocker Spielt Volleyball seit 2019 Ist bei Wolfurt seit 2019<\/p>\n","protected":false},"author":4,"featured_media":0,"parent":0,"menu_order":0,"comment_status":"closed","ping_status":"closed","template":"","meta":{"footnotes":""},"class_list":["post-2349","page","type-page","status-publish","hentry"],"_links":{"self":[{"href":"https:\/\/vcwolfurt.at\/index.php\/wp-json\/wp\/v2\/pages\/2349","targetHints":{"allow":["GET"]}}],"collection":[{"href":"https:\/\/vcwolfurt.at\/index.php\/wp-json\/wp\/v2\/pages"}],"about":[{"href":"https:\/\/vcwolfurt.at\/index.php\/wp-json\/wp\/v2\/types\/page"}],"author":[{"embeddable":true,"href":"https:\/\/vcwolfurt.at\/index.php\/wp-json\/wp\/v2\/users\/4"}],"replies":[{"embeddable":true,"href":"https:\/\/vcwolfurt.at\/index.php\/wp-json\/wp\/v2\/comments?post=2349"}],"version-history":[{"count":1,"href":"https:\/\/vcwolfurt.at\/index.php\/wp-json\/wp\/v2\/pages\/2349\/revisions"}],"predecessor-version":[{"id":2350,"href":"https:\/\/vcwolfurt.at\/index.php\/wp-json\/wp\/v2\/pages\/2349\/revisions\/2350"}],"wp:attachment":[{"href":"https:\/\/vcwolfurt.at\/index.php\/wp-json\/wp\/v2\/media?parent=2349"}],"curies":[{"name":"wp","href":"https:\/\/api.w.org\/{rel}","templated":true}]}}