{"id":577,"date":"2018-04-14T15:25:26","date_gmt":"2018-04-14T13:25:26","guid":{"rendered":"http:\/\/new.vcwolfurt.at\/?page_id=577"},"modified":"2022-09-12T21:11:45","modified_gmt":"2022-09-12T19:11:45","slug":"beirat-infrastruktur","status":"publish","type":"page","link":"https:\/\/vcwolfurt.at\/index.php\/beirat-infrastruktur\/","title":{"rendered":"Beirat Infrastruktur"},"content":{"rendered":"<div class=\"row\" style=\"background-color: #d8d9da;\">\n<div class=\"col-sm-6 col-xs-12 col-md-4 col-sm-offset-0\" style=\"padding: 0;\"><img loading=\"lazy\" decoding=\"async\" class=\"alignnone wp-image-1760 size-large\" src=\"https:\/\/vcwolfurt.at\/wp-content\/uploads\/2022\/09\/DSCF0186-1-689x1024.jpg\" alt=\"\" width=\"689\" height=\"1024\" srcset=\"https:\/\/vcwolfurt.at\/wp-content\/uploads\/2022\/09\/DSCF0186-1-689x1024.jpg 689w, https:\/\/vcwolfurt.at\/wp-content\/uploads\/2022\/09\/DSCF0186-1-202x300.jpg 202w, https:\/\/vcwolfurt.at\/wp-content\/uploads\/2022\/09\/DSCF0186-1-768x1141.jpg 768w, https:\/\/vcwolfurt.at\/wp-content\/uploads\/2022\/09\/DSCF0186-1-1034x1536.jpg 1034w, https:\/\/vcwolfurt.at\/wp-content\/uploads\/2022\/09\/DSCF0186-1.jpg 1175w\" sizes=\"auto, (max-width: 689px) 100vw, 689px\" \/><\/div>\n<div class=\"col-sm-6 col-xs-12 col-sm-offset-0 col-md-8\" style=\"background-color: #d8d9da; padding: 0;\">\n<div class=\"col-xs-12\" style=\"padding: 2em; padding-left: 2em;\">\n<h2>Tobias Mohr<\/h2>\n<h3>Beirat Infrastruktur<\/h3>\n<\/div>\n<\/div>\n<\/div>\n<p>&nbsp;<\/p>\n<div class=\"row player-type\">\n<table class=\"player-list\">\n<tbody>\n<tr>\n<td style=\"width: 250px;\">Geburtsdatum<\/td>\n<td>22.07.1994<\/td>\n<\/tr>\n<tr>\n<td>Wohnort<\/td>\n<td>Wolfurt<\/td>\n<\/tr>\n<tr>\n<td>Beruf<\/td>\n<td>Giesinger Betonbearbeitung<\/td>\n<\/tr>\n<tr>\n<td>Funktion im Verein<\/td>\n<td>Beirat Infrastruktur, OK Team, Spieler<\/td>\n<\/tr>\n<tr>\n<td>Beschreibt sich selbst als<\/td>\n<td>P\u00fcnktlich, Verl\u00e4sslich<\/td>\n<\/tr>\n<tr>\n<td>Lieblingsspruch<\/td>\n<td>Gibts a kalte H\u00fclsa<\/td>\n<\/tr>\n<\/tbody>\n<\/table>\n<\/div>\n","protected":false},"excerpt":{"rendered":"<p>Tobias Mohr Beirat Infrastruktur &nbsp; Geburtsdatum 22.07.1994 Wohnort Wolfurt Beruf Giesinger Betonbearbeitung Funktion im Verein Beirat Infrastruktur, OK Team, Spieler Beschreibt sich selbst als P\u00fcnktlich, Verl\u00e4sslich Lieblingsspruch Gibts a kalte H\u00fclsa<\/p>\n","protected":false},"author":1,"featured_media":0,"parent":0,"menu_order":0,"comment_status":"closed","ping_status":"closed","template":"single-person.php","meta":{"footnotes":""},"class_list":["post-577","page","type-page","status-publish","hentry"],"_links":{"self":[{"href":"https:\/\/vcwolfurt.at\/index.php\/wp-json\/wp\/v2\/pages\/577","targetHints":{"allow":["GET"]}}],"collection":[{"href":"https:\/\/vcwolfurt.at\/index.php\/wp-json\/wp\/v2\/pages"}],"about":[{"href":"https:\/\/vcwolfurt.at\/index.php\/wp-json\/wp\/v2\/types\/page"}],"author":[{"embeddable":true,"href":"https:\/\/vcwolfurt.at\/index.php\/wp-json\/wp\/v2\/users\/1"}],"replies":[{"embeddable":true,"href":"https:\/\/vcwolfurt.at\/index.php\/wp-json\/wp\/v2\/comments?post=577"}],"version-history":[{"count":11,"href":"https:\/\/vcwolfurt.at\/index.php\/wp-json\/wp\/v2\/pages\/577\/revisions"}],"predecessor-version":[{"id":1761,"href":"https:\/\/vcwolfurt.at\/index.php\/wp-json\/wp\/v2\/pages\/577\/revisions\/1761"}],"wp:attachment":[{"href":"https:\/\/vcwolfurt.at\/index.php\/wp-json\/wp\/v2\/media?parent=577"}],"curies":[{"name":"wp","href":"https:\/\/api.w.org\/{rel}","templated":true}]}}