{"id":611,"date":"2018-04-16T11:24:57","date_gmt":"2018-04-16T09:24:57","guid":{"rendered":"http:\/\/new.vcwolfurt.at\/?page_id=611"},"modified":"2018-04-18T23:35:18","modified_gmt":"2018-04-18T21:35:18","slug":"simon-hinteregger","status":"publish","type":"page","link":"https:\/\/vcwolfurt.at\/index.php\/simon-hinteregger\/","title":{"rendered":"Simon Hinteregger"},"content":{"rendered":"<div class=\"row\" style=\"background-color: #d8d9da;\">\n<div class=\"col-sm-2 col-xs-5 col-sm-offset-0\" style=\"padding: 0;\"><img decoding=\"async\" src=\"https:\/\/vcwolfurt.at\/wp-content\/uploads\/2018\/02\/SimonHinteregger-575x1024.jpg\"\/><\/div>\n<div class=\"col-sm-9 col-xs-7 col-sm-offset-0\" style=\"background-color: #d8d9da; padding: 0;\">\n<div class=\"col-xs-12\" style=\"padding: 0.8em; padding-left: 2em;\">\n<h1>Nr. 4<\/h1>\n<\/div>\n<div class=\"col-xs-12\" style=\"padding: 0.8em; padding-left: 2em;\">\n<h2>Simon Hinteregger<\/h2>\n<p>&nbsp;<\/p>\n<h3>Au\u00dfenangreifer<\/h3>\n<\/div>\n<\/div>\n<\/div>\n<p>&nbsp;<\/p>\n<div class=\"row player-type\">\n<table class=\"player-list\">\n<tbody>\n<tr>\n<td>Geburtsdatum<\/td>\n<td>06.10.2000<\/td>\n<\/tr>\n<tr>\n<td>Wohnort<\/td>\n<td>Wolfurt<\/td>\n<\/tr>\n<tr>\n<td>Beruf<\/td>\n<td>Sch\u00fcler im Sportgymnasium Dornbirn<\/td>\n<\/tr>\n<tr>\n<td>Funktion im Verein<\/td>\n<td>Spieler, Trainer<\/td>\n<\/tr>\n<tr>\n<td>Lieblingsessen<\/td>\n<td>Lasagne<\/td>\n<\/tr>\n<tr>\n<td>Beschreibt sich selbst als<\/td>\n<td>ehrgeizig<\/td>\n<\/tr>\n<tr>\n<td>Lieblingsspruch<\/td>\n<td>work hard, play harder<\/td>\n<\/tr>\n<tr>\n<td>Gr\u00f6\u00dfe<\/td>\n<td>181cm<\/td>\n<\/tr>\n<tr>\n<tr>\n<td>Position<\/td>\n<td>Mitte, Au\u00dfen, Diagonal<\/td>\n<\/tr>\n<tr>\n<td>Spielt Volleyball seit<\/td>\n<td>2014<\/td>\n<\/tr>\n<tr>\n<td>Ist bei Wolfurt seit<\/td>\n<td>2015<\/td>\n<\/tr>\n<\/tbody>\n<\/table>\n<\/div>\n","protected":false},"excerpt":{"rendered":"<p>Nr. 4 Simon Hinteregger &nbsp; Au\u00dfenangreifer &nbsp; Geburtsdatum 06.10.2000 Wohnort Wolfurt Beruf Sch\u00fcler im Sportgymnasium Dornbirn Funktion im Verein Spieler, Trainer Lieblingsessen Lasagne Beschreibt sich selbst als ehrgeizig Lieblingsspruch work hard, play harder Gr\u00f6\u00dfe 181cm Position Mitte, Au\u00dfen, Diagonal Spielt Volleyball seit 2014 Ist bei Wolfurt seit 2015<\/p>\n","protected":false},"author":1,"featured_media":0,"parent":0,"menu_order":0,"comment_status":"closed","ping_status":"closed","template":"single-person.php","meta":{"footnotes":""},"class_list":["post-611","page","type-page","status-publish","hentry"],"_links":{"self":[{"href":"https:\/\/vcwolfurt.at\/index.php\/wp-json\/wp\/v2\/pages\/611","targetHints":{"allow":["GET"]}}],"collection":[{"href":"https:\/\/vcwolfurt.at\/index.php\/wp-json\/wp\/v2\/pages"}],"about":[{"href":"https:\/\/vcwolfurt.at\/index.php\/wp-json\/wp\/v2\/types\/page"}],"author":[{"embeddable":true,"href":"https:\/\/vcwolfurt.at\/index.php\/wp-json\/wp\/v2\/users\/1"}],"replies":[{"embeddable":true,"href":"https:\/\/vcwolfurt.at\/index.php\/wp-json\/wp\/v2\/comments?post=611"}],"version-history":[{"count":4,"href":"https:\/\/vcwolfurt.at\/index.php\/wp-json\/wp\/v2\/pages\/611\/revisions"}],"predecessor-version":[{"id":830,"href":"https:\/\/vcwolfurt.at\/index.php\/wp-json\/wp\/v2\/pages\/611\/revisions\/830"}],"wp:attachment":[{"href":"https:\/\/vcwolfurt.at\/index.php\/wp-json\/wp\/v2\/media?parent=611"}],"curies":[{"name":"wp","href":"https:\/\/api.w.org\/{rel}","templated":true}]}}