{"id":631,"date":"2018-04-16T11:27:52","date_gmt":"2018-04-16T09:27:52","guid":{"rendered":"http:\/\/new.vcwolfurt.at\/?page_id=631"},"modified":"2023-12-16T09:07:33","modified_gmt":"2023-12-16T08:07:33","slug":"aaron-kritzinger","status":"publish","type":"page","link":"https:\/\/vcwolfurt.at\/index.php\/aaron-kritzinger\/","title":{"rendered":"Aaron Kritzinger"},"content":{"rendered":"<div class=\"row\" style=\"background-color: #d8d9da;\">\n<div class=\"col-sm-2 col-xs-5 col-sm-offset-0\" style=\"padding: 0;\">\n<p><img loading=\"lazy\" decoding=\"async\" class=\"alignnone wp-image-2118 size-full\" src=\"https:\/\/vcwolfurt.at\/wp-content\/uploads\/2023\/08\/8.png\" alt=\"\" width=\"793\" height=\"1000\" srcset=\"https:\/\/vcwolfurt.at\/wp-content\/uploads\/2023\/08\/8.png 793w, https:\/\/vcwolfurt.at\/wp-content\/uploads\/2023\/08\/8-238x300.png 238w, https:\/\/vcwolfurt.at\/wp-content\/uploads\/2023\/08\/8-768x968.png 768w\" sizes=\"auto, (max-width: 793px) 100vw, 793px\" \/><\/p>\n<\/div>\n<div class=\"col-sm-9 col-xs-7 col-sm-offset-0\" style=\"background-color: #d8d9da; padding: 0;\">\n<div class=\"col-xs-12\" style=\"padding: 0.8em; padding-left: 2em;\">\n<h1>Nr. 8<\/h1>\n<\/div>\n<div class=\"col-xs-12\" style=\"padding: 0.8em; padding-left: 2em;\">\n<h2>Kritzinger Aaron<\/h2>\n<p>&nbsp;<\/p>\n<h3>Mitte<\/h3>\n<\/div>\n<\/div>\n<\/div>\n<p>&nbsp;<\/p>\n<div class=\"row player-type\">\n<table class=\"player-list\">\n<tbody>\n<tr>\n<td>Geburtsdatum<\/td>\n<td>08.09.1997<\/td>\n<\/tr>\n<tr>\n<td>Wohnort<\/td>\n<td>Wolfurt<\/td>\n<\/tr>\n<tr>\n<td>Beruf<\/td>\n<td>Konstrukteur bei Doppelmayr<\/td>\n<\/tr>\n<tr>\n<td>Funktion im Verein<\/td>\n<td>Spieler<\/td>\n<\/tr>\n<tr>\n<td>Lieblingsessen<\/td>\n<td>K\u00e4ssp\u00e4tzle<\/td>\n<\/tr>\n<tr>\n<td>Lieblingsgetr\u00e4nk<\/td>\n<td>Weizen<\/td>\n<\/tr>\n<tr>\n<td>Beschreibt sich selbst als<\/td>\n<td>ehrgeizig<\/td>\n<\/tr>\n<tr>\n<td>Gr\u00f6\u00dfe<\/td>\n<td>186cm<\/td>\n<\/tr>\n<tr>\n<td>Position<\/td>\n<td>Mitte<\/td>\n<\/tr>\n<tr>\n<td>Spielt Volleyball seit<\/td>\n<td>2008<\/td>\n<\/tr>\n<tr>\n<td>Ist bei Wolfurt seit<\/td>\n<td>2008<\/td>\n<\/tr>\n<\/tbody>\n<\/table>\n<\/div>\n","protected":false},"excerpt":{"rendered":"<p>Nr. 8 Kritzinger Aaron &nbsp; Mitte &nbsp; Geburtsdatum 08.09.1997 Wohnort Wolfurt Beruf Konstrukteur bei Doppelmayr Funktion im Verein Spieler Lieblingsessen K\u00e4ssp\u00e4tzle Lieblingsgetr\u00e4nk Weizen Beschreibt sich selbst als ehrgeizig Gr\u00f6\u00dfe 186cm Position Mitte Spielt Volleyball seit 2008 Ist bei Wolfurt seit 2008<\/p>\n","protected":false},"author":1,"featured_media":0,"parent":0,"menu_order":0,"comment_status":"closed","ping_status":"closed","template":"single-person.php","meta":{"footnotes":""},"class_list":["post-631","page","type-page","status-publish","hentry"],"_links":{"self":[{"href":"https:\/\/vcwolfurt.at\/index.php\/wp-json\/wp\/v2\/pages\/631","targetHints":{"allow":["GET"]}}],"collection":[{"href":"https:\/\/vcwolfurt.at\/index.php\/wp-json\/wp\/v2\/pages"}],"about":[{"href":"https:\/\/vcwolfurt.at\/index.php\/wp-json\/wp\/v2\/types\/page"}],"author":[{"embeddable":true,"href":"https:\/\/vcwolfurt.at\/index.php\/wp-json\/wp\/v2\/users\/1"}],"replies":[{"embeddable":true,"href":"https:\/\/vcwolfurt.at\/index.php\/wp-json\/wp\/v2\/comments?post=631"}],"version-history":[{"count":12,"href":"https:\/\/vcwolfurt.at\/index.php\/wp-json\/wp\/v2\/pages\/631\/revisions"}],"predecessor-version":[{"id":2352,"href":"https:\/\/vcwolfurt.at\/index.php\/wp-json\/wp\/v2\/pages\/631\/revisions\/2352"}],"wp:attachment":[{"href":"https:\/\/vcwolfurt.at\/index.php\/wp-json\/wp\/v2\/media?parent=631"}],"curies":[{"name":"wp","href":"https:\/\/api.w.org\/{rel}","templated":true}]}}